- 7397*o + 41. Calculate z(-3).
20
Let p(l) = 2*l**3 + 133*l**2 + 205*l + 135. Calculate p(-65).
-515
Let w(p) = 897*p + 19951. What is w(-22)?
217
Let j(y) = -18*y**3 - 65*y**2 - 50*y - 48. Calculate j(-1).
-45
Let b(r) = -r**2 - 83982*r + 671915. What is b(8)?
-5
Let h(d) = -24*d**2 - 701*d + 575. Give h(-30).
5
Let s(t) = t**2 + 155*t + 2319. Calculate s(-141).
345
Let l(b) = -79*b + 1798. What is l(21)?
139
Let n(d) = -11*d**2 + 969*d - 18508. What is n(60)?
32
Let i(n) = n**3 - 81*n**2 + 442*n + 201. Give i(75).
-399
Let l(g) = -416*g + 9752. What is l(24)?
-232
Let q(x) = 4*x**2 - 305*x - 2450. Calculate q(-9).
619
Let u(w) = 4*w**3 - 2030*w**2 - 3047*w - 3550. What is u(509)?
13
Let u(c) = 68*c - 2327. Give u(36).
121
Let l(u) = -6*u**2 + 1751*u + 62547. What is l(324)?
15
Let v(m) = -3*m**2 + 514*m + 3563. Give v(178).
3
Let w(j) = -j**3 + j**2 - 3001*j + 21. Calculate w(0).
21
Let i(q) = 29*q**2 + 825*q - 230. Calculate i(-29).
234
Let t(c) = 24*c**3 + 82*c**2 + 50*c + 111. Calculate t(-3).
51
Let f(u) = 5*u**3 - 106*u**2 - 1343*u + 29271. What is f(20)?
11
Let g(w) = 131*w**3 - 4*w**2 + 32*w - 29. Calculate g(1).
130
Let s(o) = 22554*o + 294398. Determine s(-13).
1196
Let r(h) = -980*h**2 + 1920*h + 69. Determine r(2).
-11
Let j(h) = 3*h**3 - 59*h**2 - 93*h + 69. Calculate j(21).
-120
Let p(s) = 2*s**2 + 192*s - 210. What is p(-97)?
-16
Let k(g) = 1357*g**2 + 218466*g - 1770. Determine k(-161).
1
Let s(n) = -561*n + 2814. Calculate s(5).
9
Let o(u) = 507*u - 128642. What is o(255)?
643
Let k(b) = 10908*b - 250581. Calculate k(23).
303
Let b(x) = -2*x**3 - 257*x**2 + 11257*x + 1818. Give b(-163).
188
Let h(j) = 3*j**3 + 266*j**2 - 409*j - 4427. Determine h(-90).
-17
Let w(t) = 1278*t - 9501. What is w(12)?
5835
Let b(z) = 2324*z - 202171. What is b(87)?
17
Let b(h) = 6601*h + 244256. Give b(-37).
19
Let i(k) = -7*k**2 + 1623*k - 42397. Calculate i(30).
-7
Let w(q) = -28808*q + 2189424. Give w(76).
16
Let d(p) = 4501*p - 35996. Calculate d(8).
12
Let q(i) = -4*i**3 - 1308*i**2 - 5172*i - 1336. What is q(-323)?
-44
Let n(j) = j**3 - 26*j**2 - 18221*j + 420661. What is n(23)?
-9
Let y(p) = p**3 + 12*p**2 - 114*p - 187. What is y(-18)?
-79
Let g(y) = -y**3 - 94*y**2 - 1740*y + 1856. Give g(-27).
-7
Let f(t) = -12*t**2 - 735*t + 53. Determine f(-62).
-505
Let p(s) = -70926*s + 283371. What is p(4)?
-333
Let h(i) = -108*i + 11479. What is h(103)?
355
Let n(p) = -2*p**3 - 1055*p**2 + 8202*p + 94696. What is n(-535)?
1
Let t(l) = 2*l**2 + 220*l + 4309. Determine t(-83).
-173
Let w(j) = -9399*j - 1325232. Give w(-141).
27
Let q(l) = l**3 - 35*l**2 - 556*l - 603. Determine q(47).
-227
Let i(w) = w**3 - 883*w + 3533. Give i(4).
65
Let r(v) = -148*v**2 - 186*v + 219. Determine r(-2).
-1
Let x(i) = 255*i + 402. Give x(-3).
-363
Let b(m) = -19694*m + 118116. Calculate b(6).
-48
Let v(j) = -14157*j + 28304. What is v(2)?
-10
Let v(b) = -93*b**3 - 3*b**2 - 4*b - 5. Determine v(2).
-769
Let x(w) = 22801*w + 22803. Give x(-1).
2
Let o(y) = -10326*y + 1910361. Determine o(185).
51
Let f(p) = -504*p + 24281. Give f(50).
-919
Let i(g) = 70*g**2 - 38775*g - 2793. What is i(554)?
-23
Let q(m) = 11*m**3 + 3*m**2 + 1540*m - 1542. Give q(1).
12
Let q(v) = 7202*v + 148639. What is q(-21)?
-2603
Let s(x) = -636*x - 54203. Determine s(-85).
-143
Let g(q) = -12259*q**2 - 110307*q + 232. Give g(-9).
16
Let q(i) = 3*i**3 - 219*i**2 - 990*i + 5094. What is q(77)?
12
Let p(h) = -6807*h + 27592. What is p(4)?
364
Let c(w) = 1186*w + 492324. Calculate c(-415).
134
Let l(y) = 2*y**3 + 86*y**2 + 236*y - 44. Give l(-3).
-32
Let r(u) = 47*u**2 + u + 123. Calculate r(6).
1821
Let a(z) = -3*z**3 + 36*z**2 + 168*z + 334. Determine a(16).
-50
Let a(d) = -20*d**2 + 188*d - 30. Calculate a(8).
194
Let j(n) = n**2 - 470*n - 63801. Determine j(-110).
-1
Let p(v) = -2*v**3 - 25*v**2 + 27*v - 26. Calculate p(-15).
694
Let j(b) = 24*b**2 + 1877*b + 284. Calculate j(-78).
-106
Let r(q) = -47*q**3 + 106*q**2 + 5*q - 42. Calculate r(3).
-342
Let n(t) = -135018*t - 2970428. What is n(-22)?
-32
Let r(x) = -8*x**2 + 1045*x - 20218. Calculate r(107).
5
Let l(b) = -10*b**3 - 59*b**2 + 315*b + 1818. Give l(-6).
-36
Let z(j) = j**3 + 34*j**2 + 338*j + 1034. Calculate z(-15).
239
Let r(o) = -649*o**2 + 632*o + 7. Determine r(1).
-10
Let i(c) = 593*c**2 + 20758*c + 122. What is i(-35)?
17
Let z(g) = 19*g**2 - 818*g + 816. Determine z(42).
-24
Let p(b) = -b**2 + 43*b + 6487. What is p(-61)?
143
Let a(z) = -52*z - 1. Determine a(4).
-209
Let d(z) = 2*z**2 - 125*z + 1148. Calculate d(8).
276
Let v(p) = -45712*p + 1371351. What is v(30)?
-9
Let u(d) = 895330*d + 2685960. Calculate u(-3).
-30
Let j(o) = -16*o**2 - 377*o + 8396. Determine j(-37).
441
Let g(c) = -5608*c + 263596. What is g(47)?
20
Let w(o) = 511*o - 7017. Calculate w(14).
137
Let q(g) = 12*g**2 + 3033*g + 15156. Calculate q(-5).
291
Let p(h) = -2325*h - 116247. Determine p(-50).
3
Let k(w) = 2*w**3 - 982*w**2 + 2916*w + 5986. Determine k(488).
130
Let s(v) = v**3 - 29*v**2 + 90*v + 1332. Calculate s(-5).
32
Let d(z) = 1041869*z - 6251200. Give d(6).
14
Let i(j) = 149*j**2 - 611*j + 333. Determine i(3).
-159
Let z(v) = -6*v**3 - 100*v**2 - 3856*v - 66126. What is z(-17)?
4
Let f(a) = -2*a**2 + 11895*a - 1501169. Determine f(129).
4
Let m(v) = 301*v**2 - 4775*v + 17647. Give m(10).
-3
Let n(d) = 1326*d - 78689. What is n(60)?
871
Let w(j) = -2*j**3 - 19*j**2 + 174*j + 345. Give w(-17).
1722
Let w(s) = -2*s**2 + 372*s + 1120. What is w(185)?
1490
Let g(j) = -116*j + 518. Determine g(-13).
2026
Let o(y) = y**3 + 10*y**2 - 49*y - 291. Give o(6).
-9
Let j(o) = -26*o**2 + 318*o - 245. Calculate j(-7).
-3745
Let z(m) = 14*m**3 + 12808*m**2 - 1830*m - 10. Determine z(-915).
-10
Let u(d) = -79*d**3 - 30023*d**2 - 1158*d - 6844. What is u(-380)?
-4
Let f(u) = u**2 - 34921*u - 104772. What is f(-3)?
0
Let z(n) = -55620*n + 445110. Give z(8).
150
Let z(c) = c**3 - 906*c**2 + 9012*c - 46618. Give z(896).
-26
Let a(m) = -2*m**3 + 2*m**2 - 70*m + 2500. What is a(10)?
0
Let o(c) = 6*c**2 - 349*c + 2950. Give o(48).
22
Let h(r) = -4*r**2 - 11*r + 212. Calculate h(-8).
44
Let l(n) = 100*n + 106893. Give l(-1069).
-7
Let o(n) = 49894*n - 14868428. What is o(298)?
-16
Let q(l) = 15*l**3 + 2235*l**2 + 66*l + 9812. Determine q(-149).
-22
Let u(t) = 127*t**2 - 514*t + 38. What is u(4)?
14
Let g(u) = -19948*u - 33432841. Calculate g(-1676).
7
Let c(k) = -k**3 - 199*k**2 - 2093*k - 4735. Calculate c(-188).
-35
Let f(g) = -620*g**3 + 1242*g**2 - 16*g + 28. Determine f(2).
4
Let s(p) = -69*p + 5508. What is s(74)?
402
Let w(i) = -8490*i - 704634. What is w(-83)?
36
Let t(g) = -40*g**2 + 179*g + 5020. What is t(-9)?
169
Let i(d) = -d**2 + 676*d - 11952. Give i(18).
-108
Let l(a) = -34*a**3 - 214*a**2 + 166*a - 49. Calculate l(-7).
-35
Let a(h) = h**3 - 13*h**2 + 997*h - 11784. Give a(12).
36
Let t(y) = y**3 - 991*y**2 - 49874*y - 110. Calculate t(-48).
-14
Let h(y) = -y**3 + 43*y**2 - 133*y - 787. Give h(39).
110
Let v(y) = -2*y**3 + 118*y**2 - 1134*y + 263. Calculate v(47).
-19
Let s(r) = 2*r**2 + 912*r + 9782. Determine s(-11).
-8
Let y(p) = -19712*p**2 + 315392*p - 10. Calculate y(16).
-10
Let x(q) = 319*q - 47202. Determine x(148).
10
Let j(g) = 183*g**2 + 22327*g + 21. What is j(-122)?
-101
Let o(k) = 2*k**2 + 214*k - 5389. Calculate o(21).
-13
Let b(f) = 62*f**2 - 59*f - 219. Give b(-6).
2367
Let k(m) = -9522*m + 647495. What is k(68)?
-1
Let o(h) = 5*h**2 + 79*h - 1003. Calculate o(-27).
509
Let s(n) = 51708*n + 413646. Determine s(-8).
-18
Let l(x) = -127*x**3 + 2*x**2 - 44*x + 71. What is l(2)?
-1025
Let y(n) = -n**2 + 94*n + 1032. Give y(-10).
-8
Let m(s) = 225782*s + 22352411. Determine m(-99).
-7
Let l(w) = 18*w**2 + 17*w + 84. Give l(0).
84
Let b(n) = -9*n**2 - 132*n + 211. What is b(8)?
-1421
Let h(y) = y**3 + 11*y**2 - 501*y + 2. What is h(-29)?
-607
Let t(u) = -85707*u + 19969732. Give t(233).
1
Let i(r) = -5*r**2 + 56*r + 924. Give i(20).
44
Let c(x) = -122*x + 3227. Give c(28).
-189
Let d(t) = t**3 + 156*t**2 - 243*t - 13471. Determine d(-157).
31
Let p(j) = 2*j**3 - 447*j**2 + 2829*j - 1731. Calculate p(217).
5
Let y(r) = r**3 + 29*r**2 - 3144*r - 86351. Give y(-27).
-5
Let r(i) = 177*i + 1954. Give r(-11).
7
Let h(v) = v**3 + 42*v**2 + 401*